 4*r = -2. List the prime factors of j.
3
Let a(j) = 23*j**2 - 5. Suppose 0 = 5*v - 10. What are the prime factors of a(v)?
3, 29
Suppose -11 = -3*t + 1. Let x be ((-14)/(-21))/(t/(-1902)). What are the prime factors of 30/165 + x/(-11)?
29
Let o(m) = -8*m - 32. Let a be o(-6). List the prime factors of -1 + -1 + a + 3.
17
Let f(v) = 9*v**3 - v**2 - v + 1. Let b be f(1). Suppose 0 = 3*k - b*k. Suppose 5*h + 22 - 37 = k. List the prime factors of h.
3
Let g = 25 - 11. Let a = 4 + g. Suppose 5*b = -5*o + 170, 4*o + 3*b - 152 = -a. What are the prime factors of o?
2
Let x = 298 + 323. List the prime factors of x.
3, 23
Let q(r) = -4*r**3 + 4*r**2 - 2*r + 2. Let i(k) = 4*k**3 - 4*k**2 + 2*k - 2. Let h(x) = 3*i(x) + 2*q(x). What are the prime factors of h(3)?
2, 19
Let w(a) = 3*a + a**2 - 6 + 0*a + 10. List the prime factors of w(3).
2, 11
Suppose -5*r + 1445 = -5*i - 0*i, 0 = 3*r + 5*i - 907. Suppose -7*u = r - 2324. What are the prime factors of u?
2, 5, 29
Let i = 456 + -357. What are the prime factors of i?
3, 11
Let y = 3447 + -1961. What are the prime factors of y?
2, 743
Let c = -292 - -355. List the prime factors of c.
3, 7
Let n = 1262 + -1937. Let v = -426 - n. What are the prime factors of v?
3, 83
Suppose 0 = -4*n + 99 + 337. Let h = n - 86. List the prime factors of h.
23
Let u = 7 + -4. Suppose -2*c + u*r + 1 = -36, 4*r - 104 = -4*c. Let w = c - 14. What are the prime factors of w?
3
Let p be 18/(-12)*(-4)/3. Suppose -2*w - 12 = p*w. Let m(g) = g + 6. List the prime factors of m(w).
3
Let f(l) = -8*l - 1. Let g be f(-2). Suppose 3*d + g = 4*u - 29, 44 = 4*u + 2*d. Let y = u - -4. List the prime factors of y.
3, 5
List the prime factors of (-121812)/(-40) - 9*5/150.
3, 5, 7, 29
Suppose 5*g = 19 - 189. Let o = g - -47. What are the prime factors of (62/4)/(o/26)?
31
Suppose 0 = -2*l + 2 + 4. Suppose -4*x - 23 + 39 = 0. Suppose -155 = -5*f + 3*b, -l*b + 107 = x*f - 2*b. What are the prime factors of f?
2, 7
Let b be ((-4)/14)/((-7)/49). Suppose 0*f = b*k - 4*f - 86, 2*f = 4. Suppose -4*h - k = -159. List the prime factors of h.
2, 7
Suppose m = 229 + 348. What are the prime factors of m?
577
Let k = 605 + -402. What are the prime factors of k?
7, 29
Let j be 1/(-1 + 0 - 0). What are the prime factors of 3 - (-2 + 1 + j)?
5
Let h = 5446 - 3050. List the prime factors of h.
2, 599
Let g = -14 + 14. Let l be (g/1 + 8)*-5. What are the prime factors of (66/10)/((-8)/l)?
3, 11
Suppose -2*d + 5*s - 452 = d, -5*s = 2*d + 268. Let l = d + 243. What are the prime factors of l?
3, 11
Let d = 0 + 5. Suppose 0 = 5*z - 0*z - d*m - 295, 0 = -4*z - m + 216. List the prime factors of z*(-4)/(-10)*1.
2, 11
Suppose 8*y + 15 = 5*y. List the prime factors of 203 - (0/y + 0).
7, 29
Let q = 6919 - 3226. What are the prime factors of q?
3, 1231
Let t be (-4)/((-2)/6*2). List the prime factors of 220/t - (-32)/(-48).
2, 3
Let v(m) = -m + 2. Suppose 6 = 2*f + 16. Let c be v(f). Let a = c - -31. List the prime factors of a.
2, 19
Let d(x) = 15*x**2 + 17*x - 62. List the prime factors of d(6).
2, 5, 29
Let t(f) = 23*f**2 - f + 4. Let w be t(-3). Let l be -1 + 3/(-1) + w. Suppose -44*g - l = -49*g. List the prime factors of g.
2, 3, 7
Let u = 1120 + -634. List the prime factors of u.
2, 3
Suppose 4*c - 34 = -a + 2*c, 95 = 5*a - 5*c. Let u(j) = -j**3 + 5*j**2 + 8*j - 1. Let r be u(6). Suppose -12*t + a = -r*t. What are the prime factors of t?
2, 3
Let t(d) = -2 - 2 + 4*d - 1 + 4. Let f be t(3). Suppose 0 = u - 31 - f. List the prime factors of u.
2, 3, 7
Let a(m) = m + 1. Let l be a(5). List the prime factors of (4/l)/(12/198).
11
Let p(g) = -g + 10. Let h be p(4). Suppose h = 7*x - 15. What are the prime factors of x?
3
Let c be 0 - ((-20)/(-4))/(-1). Suppose -u - 34 = -0*u + c*h, 0 = -3*h - 15. List the prime factors of u*(165/(-9))/5.
3, 11
Let z = 52 - 49. Suppose 0 = v - 4*g - 30, -v - g = z*g - 14. List the prime factors of v.
2, 11
Suppose -20 = -3*l - 2. Suppose -i = l - 25. List the prime factors of i.
19
Let w = 96 - 96. Suppose w = -0*r + 12*r - 1356. What are the prime factors of r?
113
Let k be 2/8 + 2/(-8). Suppose k = 4*p + 56 - 164. Suppose 5 + 95 = 4*v + 2*t, p = v + t. List the prime factors of v.
23
Suppose -33 = -3*w + 15. Suppose 0*k = -4*k + w. Suppose -16 = -k*r + 4. What are the prime factors of r?
5
Suppose 0 = 7*s - 14*s + 2884. What are the prime factors of s?
2, 103
Let c(x) = 12*x - 130. List the prime factors of c(32).
2, 127
Let y(v) = v**3 - 4*v**2 + 10*v + 13. Let u(q) = 2*q**2 - 5*q - 6. Let g(w) = -7*u(w) - 3*y(w). Let b be 1/((-8)/(-6))*-4. List the prime factors of g(b).
3, 17
Suppose -16567 = 44*v - 107383. What are the prime factors of v?
2, 3, 43
Suppose 2*v = -4, 2*h + 5*v = -2 - 6. List the prime factors of (290 - h) + (-1 - 14/7).
2, 11, 13
Let t be -174*(12/(-8) + -1). Suppose -6*z + 3*z + 729 = 5*m, 3*m + 3*z - t = 0. Suppose -m = -4*u - 7. List the prime factors of u.
5, 7
Suppose 2*j = -0*j. Suppose 2*r - 4 = -j*r. Suppose 0 = f + r*k - 5, -2*k = 4*f - 3*k - 29. What are the prime factors of f?
7
Suppose -4*k + 1980 = 5*k. Suppose 0 = -4*x - x + k. What are the prime factors of x?
2, 11
Suppose 0 = -3*j + 261 + 534. List the prime factors of j.
5, 53
Let w(m) = -8*m + 52. Let t be w(8). What are the prime factors of (-4)/((1/2)/(123/t))?
2, 41
Suppose 2*u + 16 = 4*i, 5*i - 14 = -2*u + 6. Suppose u*j - 51 = -j. List the prime factors of j.
3, 17
Let r(d) = -d**3 + 3*d**2 + 6*d - 5. Let h(n) = -n - 3. Let q be h(-7). List the prime factors of r(q).
3
List the prime factors of -9*(-8)/36 - (-3 - 894).
29, 31
Let q be (-24)/(-18)*30/4. What are the prime factors of 6/q - (-2360)/25?
5, 19
Let f(r) = 12*r**2 - r + 1. Let j be 1 + (3 - 2) + -2. Suppose 3*g - 3 = -j. What are the prime factors of f(g)?
2, 3
Suppose 6*y - y - 1580 = 4*w, 4*w + 332 = y. List the prime factors of y.
2, 3, 13
Let y be (10/2*(-2)/(-10))/1. What are the prime factors of ((-88)/10)/(y*(-4)/40)?
2, 11
Suppose -k = -3*c - 1012, 2*c - 3*c = -2*k + 2019. Suppose -12*z - k = -2665. What are the prime factors of z?
2, 3, 23
Suppose 5*t - 5385 = -3*g + 2*g, -4*g = -2*t + 2132. What are the prime factors of t?
2, 269
Let l be (-22)/(-18) - (-6)/(-27). Let w be 57 + -11 + 1 + l. Suppose 3*n = 5*n - w. List the prime factors of n.
2, 3
Let l(j) = j**3 + 6*j**2 - 6*j - 3. Let g be l(-6). Let u = 59 - g. List the prime factors of (u/65)/((-1)/(-80)).
2
Let k(d) = -127*d**3 + d + 1. Let y(u) = -u + 14. Let x be y(15). Let v be k(x). Let p = v + -63. What are the prime factors of p?
2
Suppose -5*p + 15 = 0, 14*d - 3*p - 74 = 13*d. What are the prime factors of d?
83
Let j = 48 + -23. Suppose -4*k = 5*o - j, -3*k = 8*o - 3*o - 30. What are the prime factors of o?
3
Suppose 10*i - 42*i = -15296. What are the prime factors of i?
2, 239
Suppose x = 3*m + 2872, 14*m = 10*m. List the prime factors of x.
2, 359
Suppose -3*d + 12 = -d - 2*s, -2*d = -5*s - 18. Suppose d*m = 12*m. Suppose 2*g - 25 - 81 = m. What are the prime factors of g?
53
Let m(t) = t**3 + 41*t**2 + 39*t - 112. What are the prime factors of m(-37)?
3, 1307
Suppose 6*m - 10*m + 20 = 0. Let a(l) = -l**2 + 5*l + 1. Let x be a(m). Suppose 33 = q + x. What are the prime factors of q?
2
Let x(h) = -11*h + 2*h - 8*h + 50 - 10*h. List the prime factors of x(-5).
5, 37
Suppose 1 = -4*g + 5*s - 80, 4*g + 51 = -s. Suppose 0 = x - 2, -14 = f + 4*x - 56. Let n = g + f. What are the prime factors of n?
2, 5
Let d(t) = -6*t - 9. Let w be (-1)/(-1 + 40/36). What are the prime factors of d(w)?
3, 5
Suppose -2*r = 3*r + 45. Let l be 5 - 3*(-3)/r. Suppose -5*t = 2*g - 3*g - 47, -l*t + 38 = -g. What are the prime factors of t?
3
Let o be -1 + (407 - -4*(-2)/4). Suppose -5*a = -2*m - 72 - 331, -5*a + m + o = 0. List the prime factors of a.
3
Let i be ((-18)/4 - -4)*-6. Let m = 0 + i. Suppose 3*f = -2*h + 63, -m*h - 3*f = -f - 97. List the prime factors of h.
3, 11
Suppose 0 = -m, -4*m = -4*y + 340 + 356. List the prime factors of y.
2, 3, 29
Suppose -3*z + b = -275 - 120, 285 = 2*z - 5*b. List the prime factors of z.
2, 5, 13
Let v = 780 + 2223. What are the prime factors of v?
3, 7, 11, 13
Let j(p) = -29*p - 247. List the prime factors of j(-50).
3, 401
Let h = -46 - -50. Let t = -2 + h. What are the prime factors of 